y 62?
57
What is the remainder when 5631 is divided by 823?
693
Calculate the remainder when 9153 is divided by 1830.
3
What is the remainder when 735 is divided by 700?
35
Calculate the remainder when 291728 is divided by 21.
17
Calculate the remainder when 6727 is divided by 20.
7
Calculate the remainder when 932386 is divided by 277.
4
What is the remainder when 6488 is divided by 735?
608
What is the remainder when 2013 is divided by 522?
447
What is the remainder when 197 is divided by 97?
3
Calculate the remainder when 406938 is divided by 10.
8
Calculate the remainder when 21642 is divided by 3089.
19
Calculate the remainder when 1527 is divided by 499.
30
What is the remainder when 1447 is divided by 87?
55
What is the remainder when 1353858 is divided by 695?
693
Calculate the remainder when 195765 is divided by 17795.
20
Calculate the remainder when 585819 is divided by 3572.
11
What is the remainder when 386 is divided by 170?
46
What is the remainder when 2490 is divided by 1215?
60
What is the remainder when 2444 is divided by 273?
260
What is the remainder when 936 is divided by 127?
47
What is the remainder when 40692 is divided by 20?
12
What is the remainder when 319446 is divided by 106476?
18
Calculate the remainder when 15104 is divided by 53.
52
Calculate the remainder when 17262 is divided by 16.
14
What is the remainder when 2378 is divided by 29?
0
Calculate the remainder when 18402 is divided by 160.
2
What is the remainder when 5720 is divided by 476?
8
Calculate the remainder when 89969 is divided by 60.
29
Calculate the remainder when 130065 is divided by 38.
29
Calculate the remainder when 2956 is divided by 227.
5
What is the remainder when 21899 is divided by 146?
145
What is the remainder when 18587 is divided by 1458?
1091
Calculate the remainder when 5482 is divided by 261.
1
Calculate the remainder when 125756 is divided by 23.
15
Calculate the remainder when 3372905 is divided by 77.
74
Calculate the remainder when 42144 is divided by 1832.
8
Calculate the remainder when 2489 is divided by 816.
41
What is the remainder when 788255 is divided by 252?
251
Calculate the remainder when 14350 is divided by 1301.
39
What is the remainder when 63838 is divided by 420?
418
Calculate the remainder when 13528 is divided by 43.
26
What is the remainder when 1684 is divided by 257?
142
Calculate the remainder when 1202 is divided by 566.
70
What is the remainder when 144982 is divided by 242?
24
What is the remainder when 1219 is divided by 216?
139
Calculate the remainder when 5628 is divided by 229.
132
What is the remainder when 14855 is divided by 63?
50
What is the remainder when 5421 is divided by 542?
1
What is the remainder when 2423 is divided by 791?
50
What is the remainder when 26200 is divided by 429?
31
Calculate the remainder when 17213 is divided by 253.
9
Calculate the remainder when 2241992 is divided by 261.
2
Calculate the remainder when 47677 is divided by 95.
82
Calculate the remainder when 161145 is divided by 143.
127
What is the remainder when 192890 is divided by 96438?
14
What is the remainder when 21430 is divided by 537?
487
Calculate the remainder when 70131 is divided by 22.
17
What is the remainder when 3348 is divided by 54?
0
What is the remainder when 7563 is divided by 124?
123
Calculate the remainder when 2363 is divided by 30.
23
Calculate the remainder when 2980 is divided by 50.
30
Calculate the remainder when 15965 is divided by 3193.
0
What is the remainder when 61920 is divided by 8?
0
What is the remainder when 200664 is divided by 200657?
7
What is the remainder when 4995 is divided by 420?
375
Calculate the remainder when 4080 is divided by 9.
3
What is the remainder when 75404 is divided by 787?
639
What is the remainder when 742655 is divided by 710?
705
Calculate the remainder when 2896287 is divided by 18.
15
What is the remainder when 184338 is divided by 122?
118
What is the remainder when 118732 is divided by 49?
5
What is the remainder when 11013 is divided by 11006?
7
Calculate the remainder when 8868 is divided by 2955.
3
Calculate the remainder when 124564 is divided by 41469.
157
What is the remainder when 538 is divided by 123?
46
Calculate the remainder when 93597 is divided by 11.
9
Calculate the remainder when 88433 is divided by 66.
59
Calculate the remainder when 69299 is divided by 433.
19
What is the remainder when 6542 is divided by 327?
2
Calculate the remainder when 251530 is divided by 822.
820
What is the remainder when 46371 is divided by 23096?
179
What is the remainder when 24037 is divided by 79?
21
Calculate the remainder when 172719 is divided by 235.
229
Calculate the remainder when 23503 is divided by 3355.
18
Calculate the remainder when 40921 is divided by 67.
51
Calculate the remainder when 260 is divided by 6.
2
What is the remainder when 15455 is divided by 133?
27
Calculate the remainder when 324890 is divided by 173.
169
Calculate the remainder when 4266 is divided by 87.
3
What is the remainder when 2881429 is divided by 20?
9
Calculate the remainder when 195324 is divided by 30.
24
Calculate the remainder when 85102 is divided by 16.
14
Calculate the remainder when 3238 is divided by 64.
38
What is the remainder when 1321 is divided by 493?
335
What is the remainder when 6418 is divided by 402?
388
Calculate the remainder when 17937 is divided by 108.
9
What is the remainder when 138039 is divided by 9?
6
What is the remainder when 1467 is divided by 114?
99
Calculate the remainder when 3064 is divided by 253.
28
What is the remainder when 1269061 is divided by 111?
109
Calculate the remainder when 1078 is divided by 183.
163
Calculate the remainder when 7576 is divided by 289.
62
Calculate the remainder when 4624798 is divided by 32.
30
What is the remainder when 626636 is divided by 84?
80
What is the remainder when 2122559 is divided by 176?
175
Calculate the remainder when 30574 is divided by 28.
26
What is the remainder when 636139 is divided by 17?
16
What is the remainder when 41729 is divided by 6948?
41
Calculate the remainder when 83313 is divided by 180.
153
What is the remainder when 3327693 is divided by 722?
717
What is the remainder when 127031 is divided by 42313?
92
Calculate the remainder when 717 is divided by 370.
347
Calculate the remainder when 249477 is divided by 46.
19
Calculate the remainder when 66844 is divided by 868.
8
What is the remainder when 2297 is divided by 366?
101
What is the remainder when 327499 is divided by 625?
624
What is the remainder when 6528 is divided by 6513?
15
Calculate the remainder when 5139 is divided by 97.
95
Calculate the remainder when 583 is divided by 491.
92
Calculate the remainder when 2466 is divided by 66.
24
What is the remainder when 73142 is divided by 37?
30
What is the remainder when 2059 is divided by 38?
7
Calculate the remainder when 2848 is divided by 950.
948
Calculate the remainder when 16340 is divided by 73.
61
What is the remainder when 60550 is divided by 69?
37
What is the remainder when 124207 is divided by 41389?
40
Calculate the remainder when 3969 is divided by 158.
19
Calculate the remainder when 39628 is divided by 19696.
236
What is the remainder when 2053410 is divided by 11?
7
Calculate the remainder when 3472 is divided by 317.
302
Calculate the remainder when 337600 is divided by 14.
4
Calculate the remainder when 105335 is divided by 105318.
17
Calculate the remainder when 3506 is divided by 873.
14
Calculate the remainder when 2594 is divided by 2584.
10
What is the remainder when 1325 is divided by 532?
261
What is the remainder when 56401 is divided by 5640?
1
What is the remainder when 278 is divided by 79?
41
Calculate the remainder when 67704 is divided by 33710.
284
Calculate the remainder when 3318 is divided by 411.
30
What is the remainder when 193486 is divided by 23?
10
What is the remainder when 120319 is divided by 169?
160
What is the remainder when 28839 is divided by 3603?
15
What is the remainder when 2805 is divided by 928?
21
What is the remainder when 143078 is divided by 5298?
32
What is the remainder when 1161166 is divided by 816?
814
Calculate the remainder when 576 is divided by 514.
62
Calculate the remainder 